ctors of 2277402.
2, 3, 113, 3359
What are the prime factors of 6857906?
2, 11, 41, 7603
List the prime factors of 10964146.
2, 23, 29, 8219
List the prime factors of 2374896.
2, 3, 49477
List the prime factors of 2234095.
5, 446819
What are the prime factors of 3602400?
2, 3, 5, 19, 79
What are the prime factors of 125804?
2, 7, 4493
What are the prime factors of 33221160?
2, 3, 5, 7, 13183
What are the prime factors of 240563?
109, 2207
List the prime factors of 649904.
2, 151, 269
What are the prime factors of 2855977?
101, 28277
What are the prime factors of 68915?
5, 7, 11, 179
What are the prime factors of 123004?
2, 7, 23, 191
List the prime factors of 570548.
2, 11, 12967
List the prime factors of 3825748.
2, 17, 127, 443
What are the prime factors of 1008961?
53, 19037
List the prime factors of 135073.
293, 461
List the prime factors of 1620434.
2, 19, 42643
What are the prime factors of 222198?
2, 3, 29, 1277
What are the prime factors of 12429943?
59, 457, 461
List the prime factors of 192408.
2, 3, 8017
List the prime factors of 11803571.
13, 907967
List the prime factors of 7064503.
17, 415559
What are the prime factors of 2018824?
2, 409, 617
What are the prime factors of 20369328?
2, 3, 7, 60623
What are the prime factors of 16698467?
79, 211373
List the prime factors of 117737.
23, 5119
List the prime factors of 324364.
2, 83, 977
What are the prime factors of 1370319?
3, 17, 97, 277
What are the prime factors of 462882?
2, 3, 7, 103, 107
List the prime factors of 1014174.
2, 3, 7, 2683
List the prime factors of 925301.
13, 109, 653
What are the prime factors of 763006?
2, 241, 1583
List the prime factors of 145050.
2, 3, 5, 967
What are the prime factors of 9668331?
3, 1074259
What are the prime factors of 17968553?
17968553
What are the prime factors of 14934423?
3, 7, 711163
List the prime factors of 724065.
3, 5, 48271
What are the prime factors of 761465?
5, 152293
What are the prime factors of 205939?
101, 2039
List the prime factors of 8454829.
19, 479, 929
What are the prime factors of 1548693?
3, 41, 1399
What are the prime factors of 254707?
29, 8783
What are the prime factors of 1405749?
3, 619, 757
What are the prime factors of 405110?
2, 5, 17, 2383
List the prime factors of 30578756.
2, 13, 59, 9967
List the prime factors of 277880.
2, 5, 6947
What are the prime factors of 35372072?
2, 19, 232711
List the prime factors of 360996.
2, 3, 67, 449
What are the prime factors of 17853678?
2, 3, 991871
List the prime factors of 787215.
3, 5, 11, 13, 367
What are the prime factors of 5706881?
29, 47, 53, 79
What are the prime factors of 626774?
2, 313387
What are the prime factors of 220083?
3, 73361
List the prime factors of 5012356.
2, 1253089
What are the prime factors of 112274?
2, 73, 769
What are the prime factors of 3643980?
2, 3, 5, 60733
List the prime factors of 14125468.
2, 7, 131, 3851
List the prime factors of 19109656.
2, 113, 21139
List the prime factors of 11033941.
181, 60961
What are the prime factors of 14189400?
2, 3, 5, 7883
What are the prime factors of 1359271?
1359271
What are the prime factors of 1813043?
241, 7523
What are the prime factors of 544568?
2, 68071
What are the prime factors of 1005976?
2, 41, 3067
What are the prime factors of 1949962?
2, 7, 31, 4493
List the prime factors of 2544763.
13, 195751
List the prime factors of 145748.
2, 83, 439
List the prime factors of 2264112.
2, 3, 1747
What are the prime factors of 18382272?
2, 3, 19, 5039
What are the prime factors of 603351?
3, 7, 61, 157
What are the prime factors of 66496?
2, 1039
What are the prime factors of 380933?
7, 54419
List the prime factors of 1891005.
3, 5, 126067
List the prime factors of 5438272.
2, 7, 61, 199
List the prime factors of 230944.
2, 7, 1031
List the prime factors of 492492.
2, 3, 7, 11, 13, 41
What are the prime factors of 1403369?
11, 127579
What are the prime factors of 3900680?
2, 5, 7, 13931
What are the prime factors of 17989225?
5, 719569
List the prime factors of 2134043.
191, 11173
List the prime factors of 499801.
499801
List the prime factors of 4471045.
5, 894209
What are the prime factors of 1293406?
2, 19, 101, 337
What are the prime factors of 9363765?
3, 5, 624251
List the prime factors of 3835519.
3835519
List the prime factors of 9267789.
3, 47, 65729
List the prime factors of 2168766.
2, 3, 71, 1697
List the prime factors of 10542488.
2, 11, 10891
What are the prime factors of 2652108?
2, 3, 29, 7621
List the prime factors of 7014769.
7014769
What are the prime factors of 186306?
2, 3, 31051
What are the prime factors of 4746751?
19, 31, 8059
What are the prime factors of 5248697?
41, 313, 409
List the prime factors of 54107.
61, 887
List the prime factors of 23811412.
2, 71, 83843
What are the prime factors of 8222233?
223, 36871
List the prime factors of 2745834.
2, 3, 7, 13, 47, 107
List the prime factors of 4895306.
2, 13, 188281
List the prime factors of 14688696.
2, 3, 11, 55639
List the prime factors of 8470735.
5, 7, 13, 18617
What are the prime factors of 70896?
2, 3, 7, 211
What are the prime factors of 223755?
3, 5, 7, 2131
What are the prime factors of 14807990?
2, 5, 743, 1993
List the prime factors of 1217158.
2, 43, 14153
List the prime factors of 268073.
13, 17, 1213
What are the prime factors of 9427153?
131, 71963
What are the prime factors of 187267?
401, 467
List the prime factors of 978830.
2, 5, 97883
What are the prime factors of 1068467?
17, 62851
List the prime factors of 1833154.
2, 31, 29567
List the prime factors of 390806.
2, 13, 15031
List the prime factors of 2693245.
5, 538649
List the prime factors of 13299.
3, 11, 13, 31
What are the prime factors of 1176675?
3, 5, 29, 541
List the prime factors of 115375.
5, 13, 71
List the prime factors of 477011.
477011
List the prime factors of 9982828.
2, 19, 23, 5711
List the prime factors of 13754751.
3, 17, 269701
What are the prime factors of 503414?
2, 251707
List the prime factors of 5156417.
7, 47, 2239
List the prime factors of 404907.
3, 139, 971
What are the prime factors of 21739483?
887, 24509
What are the prime factors of 194501?
67, 2903
List the prime factors of 519262.
2, 259631
List the prime factors of 472992.
2, 3, 13, 379
List the prime factors of 15295681.
15295681
What are the prime factors of 238361?
238361
What are the prime factors of 1668696?
2, 3, 23, 3023
What are the prime factors of 13719?
3, 17, 269
List the prime factors of 1373568.
2, 3, 7, 73
What are the prime factors of 2190480?
2, 3, 5, 9127
What are the prime factors of 752560?
2, 5, 23, 409
List the prime factors of 378926.
2, 189463
List the prime factors of 431622.
2, 3, 7993
List the prime factors of 1654399.
73, 131, 173
What are the prime factors of 89062?
2, 44531
List the prime factors of 1202837.
1202837
List the prime factors of 698.
2, 349
List the prime factors of 5140278.
2, 3, 11, 13, 1997
List the prime factors of 8405780.
2, 5, 157, 2677
What are the prime factors of 1771105?
5, 7, 7229
List the prime factors of 1864679.
17, 19, 23, 251
List the prime factors of 12688.
2, 13, 61
List the prime factors of 187207.
19, 59, 167
What are the prime factors of 634235?
5, 7, 18121
List the prime factors of 4070941.
7, 59, 9857
What are the prime factors of 292398?
2, 3, 48733
What are the prime factors of 276996?
2, 3, 41, 563
List the prime factors of 11204726.
2, 13, 23, 41, 457
What are the prime factors of 583970?
2, 5, 23, 2539
List the prime factors of 15701796.
2, 3, 11, 13217
What are the prime factors of 2711297?
29, 93493
What are the prime factors of 1947589?
7, 278227
What are the prime factors of 7518384?
2, 3, 109, 479
List the prime factors of 10146876.
2, 3, 677, 1249
List the prime factors of 3033919.
7, 163, 2659
What are the prime factors of 210137?
17, 47, 263
List the prime factors of 767802.
2, 3, 7, 101, 181
What are the prime factors of 124182?
2, 3, 6899
List the prime factors of 7336945.
5, 7, 11, 17, 19, 59
What are the prime factors of 607865?
5, 61, 1993
List the prime factors of 210483.
3, 7, 13, 257
What are the prime factors of 31930425?
3, 5, 191, 743
List the prime factors of 46423.
13, 3571
List the prime factors of 8926119.
3, 109, 337
List the prime factors of 11431470.
2, 3, 5, 